[INFO] cloning repository https://github.com/Noah2610/climer-rs
[INFO] running `Command { std: "git" "-c" "credential.helper=" "-c" "credential.helper=/workspace/cargo-home/bin/git-credential-null" "clone" "--bare" "https://github.com/Noah2610/climer-rs" "/workspace/cache/git-repos/https%3A%2F%2Fgithub.com%2FNoah2610%2Fclimer-rs", kill_on_drop: false }`
[INFO] [stderr] Cloning into bare repository '/workspace/cache/git-repos/https%3A%2F%2Fgithub.com%2FNoah2610%2Fclimer-rs'...
[INFO] running `Command { std: "git" "rev-parse" "HEAD", kill_on_drop: false }`
[INFO] [stdout] f3265043e323c889dca8d516467f8e8a45dd1856
[INFO] checking Noah2610/climer-rs against try#72f88fc4e9458f89516a0b8b0868f3718aec5b47 for pr-74989
[INFO] running `Command { std: "git" "clone" "/workspace/cache/git-repos/https%3A%2F%2Fgithub.com%2FNoah2610%2Fclimer-rs" "/workspace/builds/worker-5/source", kill_on_drop: false }`
[INFO] [stderr] Cloning into '/workspace/builds/worker-5/source'...
[INFO] [stderr] done.
[INFO] validating manifest of git repo https://github.com/Noah2610/climer-rs on toolchain 72f88fc4e9458f89516a0b8b0868f3718aec5b47
[INFO] running `Command { std: "/workspace/cargo-home/bin/cargo" "+72f88fc4e9458f89516a0b8b0868f3718aec5b47" "read-manifest" "--manifest-path" "Cargo.toml", kill_on_drop: false }`
[INFO] started tweaking git repo https://github.com/Noah2610/climer-rs
[INFO] removed path dependency climer_derive from git repo https://github.com/Noah2610/climer-rs
[INFO] finished tweaking git repo https://github.com/Noah2610/climer-rs
[INFO] tweaked toml for git repo https://github.com/Noah2610/climer-rs written to /workspace/builds/worker-5/source/Cargo.toml
[INFO] crate git repo https://github.com/Noah2610/climer-rs already has a lockfile, it will not be regenerated
[INFO] running `Command { std: "/workspace/cargo-home/bin/cargo" "+72f88fc4e9458f89516a0b8b0868f3718aec5b47" "fetch" "--locked" "--manifest-path" "Cargo.toml", kill_on_drop: false }`
[INFO] [stderr]     Updating crates.io index
[INFO] [stderr] error: the lock file /workspace/builds/worker-5/source/Cargo.lock needs to be updated but --locked was passed to prevent this
[INFO] [stderr] If you want to try to generate the lock file without accessing the network, use the --offline flag.
[INFO] the lockfile is outdated, regenerating it
[INFO] running `Command { std: "/workspace/cargo-home/bin/cargo" "+72f88fc4e9458f89516a0b8b0868f3718aec5b47" "generate-lockfile" "--manifest-path" "Cargo.toml" "-Zno-index-update", kill_on_drop: false }`
[INFO] running `Command { std: "/workspace/cargo-home/bin/cargo" "+72f88fc4e9458f89516a0b8b0868f3718aec5b47" "fetch" "--locked" "--manifest-path" "Cargo.toml", kill_on_drop: false }`
[INFO] running `Command { std: "docker" "create" "-v" "/var/lib/crater-agent-workspace/builds/worker-5/target:/opt/rustwide/target:rw,Z" "-v" "/var/lib/crater-agent-workspace/builds/worker-5/source:/opt/rustwide/workdir:ro,Z" "-v" "/var/lib/crater-agent-workspace/cargo-home:/opt/rustwide/cargo-home:ro,Z" "-v" "/var/lib/crater-agent-workspace/rustup-home:/opt/rustwide/rustup-home:ro,Z" "-e" "SOURCE_DIR=/opt/rustwide/workdir" "-e" "CARGO_TARGET_DIR=/opt/rustwide/target" "-e" "CARGO_HOME=/opt/rustwide/cargo-home" "-e" "RUSTUP_HOME=/opt/rustwide/rustup-home" "-w" "/opt/rustwide/workdir" "-m" "1610612736" "--user" "0:0" "--network" "none" "rustops/crates-build-env@sha256:d92eaeed33fa75130ca1ee6c8a01d1ffb62bac859dfdfb3450e3e5d1c0146529" "/opt/rustwide/cargo-home/bin/cargo" "+72f88fc4e9458f89516a0b8b0868f3718aec5b47" "metadata" "--no-deps" "--format-version=1", kill_on_drop: false }`
[INFO] [stdout] a6a6ab3faef02881f67b3f3700c49253786ea001d4f28e810fb03adff62e91a6
[INFO] [stderr] WARNING: Your kernel does not support swap limit capabilities or the cgroup is not mounted. Memory limited without swap.
[INFO] running `Command { std: "docker" "start" "-a" "a6a6ab3faef02881f67b3f3700c49253786ea001d4f28e810fb03adff62e91a6", kill_on_drop: false }`
[INFO] running `Command { std: "docker" "inspect" "a6a6ab3faef02881f67b3f3700c49253786ea001d4f28e810fb03adff62e91a6", kill_on_drop: false }`
[INFO] running `Command { std: "docker" "rm" "-f" "a6a6ab3faef02881f67b3f3700c49253786ea001d4f28e810fb03adff62e91a6", kill_on_drop: false }`
[INFO] [stdout] a6a6ab3faef02881f67b3f3700c49253786ea001d4f28e810fb03adff62e91a6
[INFO] running `Command { std: "docker" "create" "-v" "/var/lib/crater-agent-workspace/builds/worker-5/target:/opt/rustwide/target:rw,Z" "-v" "/var/lib/crater-agent-workspace/builds/worker-5/source:/opt/rustwide/workdir:ro,Z" "-v" "/var/lib/crater-agent-workspace/cargo-home:/opt/rustwide/cargo-home:ro,Z" "-v" "/var/lib/crater-agent-workspace/rustup-home:/opt/rustwide/rustup-home:ro,Z" "-e" "SOURCE_DIR=/opt/rustwide/workdir" "-e" "CARGO_TARGET_DIR=/opt/rustwide/target" "-e" "CARGO_INCREMENTAL=0" "-e" "RUST_BACKTRACE=full" "-e" "RUSTFLAGS=--cap-lints=forbid" "-e" "CARGO_HOME=/opt/rustwide/cargo-home" "-e" "RUSTUP_HOME=/opt/rustwide/rustup-home" "-w" "/opt/rustwide/workdir" "-m" "1610612736" "--user" "0:0" "--network" "none" "rustops/crates-build-env@sha256:d92eaeed33fa75130ca1ee6c8a01d1ffb62bac859dfdfb3450e3e5d1c0146529" "/opt/rustwide/cargo-home/bin/cargo" "+72f88fc4e9458f89516a0b8b0868f3718aec5b47" "check" "--frozen" "--all" "--all-targets" "--message-format=json", kill_on_drop: false }`
[INFO] [stderr] WARNING: Your kernel does not support swap limit capabilities or the cgroup is not mounted. Memory limited without swap.
[INFO] [stdout] 544f48af0ae39232063c97974d25623b5679ae1cee953b28ffcfe66642abb6b3
[INFO] running `Command { std: "docker" "start" "-a" "544f48af0ae39232063c97974d25623b5679ae1cee953b28ffcfe66642abb6b3", kill_on_drop: false }`
[INFO] [stderr]    Compiling unicode-xid v0.1.0
[INFO] [stderr]     Checking lazy_static v1.4.0
[INFO] [stderr]     Checking clap v2.33.3
[INFO] [stderr]    Compiling proc-macro2 v0.4.30
[INFO] [stderr]     Checking thread_local v1.0.1
[INFO] [stderr]     Checking regex v1.3.9
[INFO] [stderr]    Compiling quote v0.6.13
[INFO] [stderr]    Compiling syn v0.15.44
[INFO] [stderr]    Compiling climer_derive v0.1.0
[INFO] [stderr]     Checking climer v0.6.0 (/opt/rustwide/workdir)
[INFO] [stdout] warning: unused import: `std::time::Duration`
[INFO] [stdout]  --> src/time/parser/tests.rs:1:5
[INFO] [stdout]   |
[INFO] [stdout] 1 | use std::time::Duration;
[INFO] [stdout]   |     ^^^^^^^^^^^^^^^^^^^
[INFO] [stdout]   |
[INFO] [stdout]   = note: `#[warn(unused_imports)]` on by default
[INFO] [stdout] 
[INFO] [stdout] 
[INFO] [stdout] error[E0282]: type annotations needed
[INFO] [stdout]   --> src/time/parser/tests.rs:33:16
[INFO] [stdout]    |
[INFO] [stdout] 33 |     assert_eq!(parse_time(input, None).unwrap(), expected);
[INFO] [stdout]    |                ^^^^^^^^^^ cannot infer type for type parameter `U` declared on the function `parse_time`
[INFO] [stdout] 
[INFO] [stdout] 
[INFO] [stdout] error[E0282]: type annotations needed
[INFO] [stdout]   --> src/time/parser/tests.rs:43:16
[INFO] [stdout]    |
[INFO] [stdout] 43 |     assert_eq!(parse_time(input, None).unwrap(), expected);
[INFO] [stdout]    |                ^^^^^^^^^^ cannot infer type for type parameter `U` declared on the function `parse_time`
[INFO] [stdout] 
[INFO] [stdout] 
[INFO] [stdout] error[E0282]: type annotations needed
[INFO] [stdout]   --> src/time/parser/tests.rs:53:16
[INFO] [stdout]    |
[INFO] [stdout] 53 |     assert_eq!(parse_time(input, None).unwrap(), expected);
[INFO] [stdout]    |                ^^^^^^^^^^ cannot infer type for type parameter `U` declared on the function `parse_time`
[INFO] [stdout] 
[INFO] [stdout] 
[INFO] [stdout] error[E0282]: type annotations needed
[INFO] [stdout]   --> src/time/parser/tests.rs:66:16
[INFO] [stdout]    |
[INFO] [stdout] 66 |     assert_eq!(parse_time(input, None).unwrap(), expected);
[INFO] [stdout]    |                ^^^^^^^^^^ cannot infer type for type parameter `U` declared on the function `parse_time`
[INFO] [stdout] 
[INFO] [stdout] 
[INFO] [stdout] error: aborting due to 4 previous errors; 1 warning emitted
[INFO] [stdout] 
[INFO] [stdout] 
[INFO] [stdout] For more information about this error, try `rustc --explain E0282`.
[INFO] [stdout] 
[INFO] [stderr] error: could not compile `climer`.
[INFO] [stderr] 
[INFO] [stderr] To learn more, run the command again with --verbose.
[INFO] [stderr] warning: build failed, waiting for other jobs to finish...
[INFO] [stderr] error: build failed
[INFO] running `Command { std: "docker" "inspect" "544f48af0ae39232063c97974d25623b5679ae1cee953b28ffcfe66642abb6b3", kill_on_drop: false }`
[INFO] running `Command { std: "docker" "rm" "-f" "544f48af0ae39232063c97974d25623b5679ae1cee953b28ffcfe66642abb6b3", kill_on_drop: false }`
[INFO] [stdout] 544f48af0ae39232063c97974d25623b5679ae1cee953b28ffcfe66642abb6b3
